{"id":1055,"date":"2021-09-17T23:15:00","date_gmt":"2021-09-17T21:15:00","guid":{"rendered":"http:\/\/annehodal.dk\/hafjell\/?page_id=1055"},"modified":"2023-08-27T23:22:44","modified_gmt":"2023-08-27T21:22:44","slug":"program","status":"publish","type":"page","link":"http:\/\/annehodal.dk\/hafjell\/om-turen\/program\/","title":{"rendered":"Program"},"content":{"rendered":"<p>Vi vil gerne lave nogle hyggelige ting i l\u00f8bet af ugen, hvor alle har mulighed for at deltage og m\u00f8de hinanden.<\/p>\n<p>Programmet kan skifte lidt \u00e5r for \u00e5r, og har tidligere b\u00e5de indeholdt langrendsture, bingo, fastelavns t\u00f8ndeslagning, afterski med p\u00f8lser og varm kakao, k\u00e6lkekonkurrencer, f\u00e6llesdans mm.<\/p>\n<p>Hvis du har id\u00e9er til noget vi kunne lave &#8211; eller evt. selv vil tage initiativ til en aktivitet, s\u00e5 sig endelig til! :)<\/p>\n<p><img loading=\"lazy\" decoding=\"async\" src=\"http:\/\/annehodal.dk\/hafjell\/wp-content\/IMG_3429.jpg\" alt=\"\" width=\"295\" height=\"221\" class=\"wp-image-1818 alignnone\" srcset=\"http:\/\/annehodal.dk\/hafjell\/wp-content\/IMG_3429.jpg 640w, http:\/\/annehodal.dk\/hafjell\/wp-content\/IMG_3429-300x225.jpg 300w\" sizes=\"auto, (max-width: 295px) 100vw, 295px\" \/>\u00a0 \u00a0 <img loading=\"lazy\" decoding=\"async\" src=\"http:\/\/annehodal.dk\/hafjell\/wp-content\/IMG_3433.jpg\" alt=\"\" width=\"295\" height=\"221\" class=\"wp-image-1819 alignnone\" srcset=\"http:\/\/annehodal.dk\/hafjell\/wp-content\/IMG_3433.jpg 640w, http:\/\/annehodal.dk\/hafjell\/wp-content\/IMG_3433-300x225.jpg 300w\" sizes=\"auto, (max-width: 295px) 100vw, 295px\" \/>\u00a0 \u00a0\u00a0<img loading=\"lazy\" decoding=\"async\" src=\"http:\/\/annehodal.dk\/hafjell\/wp-content\/IMG_3486-rotated.jpg\" alt=\"\" width=\"166\" height=\"221\" class=\"wp-image-1820 alignnone\" srcset=\"http:\/\/annehodal.dk\/hafjell\/wp-content\/IMG_3486-rotated.jpg 480w, http:\/\/annehodal.dk\/hafjell\/wp-content\/IMG_3486-225x300.jpg 225w\" sizes=\"auto, (max-width: 166px) 100vw, 166px\" \/> <img loading=\"lazy\" decoding=\"async\" src=\"http:\/\/annehodal.dk\/hafjell\/wp-content\/IMG_3508-rotated.jpg\" alt=\"\" width=\"166\" height=\"221\" class=\"wp-image-1821 alignnone\" srcset=\"http:\/\/annehodal.dk\/hafjell\/wp-content\/IMG_3508-rotated.jpg 480w, http:\/\/annehodal.dk\/hafjell\/wp-content\/IMG_3508-225x300.jpg 225w\" sizes=\"auto, (max-width: 166px) 100vw, 166px\" \/><img loading=\"lazy\" decoding=\"async\" src=\"http:\/\/annehodal.dk\/hafjell\/wp-content\/IMG_0077-300x225.jpg\" alt=\"\" width=\"295\" height=\"221\" class=\"alignleft  wp-image-926\" srcset=\"http:\/\/annehodal.dk\/hafjell\/wp-content\/IMG_0077-300x225.jpg 300w, http:\/\/annehodal.dk\/hafjell\/wp-content\/IMG_0077-768x576.jpg 768w, http:\/\/annehodal.dk\/hafjell\/wp-content\/IMG_0077-1024x768.jpg 1024w\" sizes=\"auto, (max-width: 295px) 100vw, 295px\" \/><img loading=\"lazy\" decoding=\"async\" src=\"http:\/\/annehodal.dk\/hafjell\/wp-content\/IMG_3585-300x225.jpg\" alt=\"\" width=\"295\" height=\"221\" class=\"alignleft wp-image-954 \" srcset=\"http:\/\/annehodal.dk\/hafjell\/wp-content\/IMG_3585-300x225.jpg 300w, http:\/\/annehodal.dk\/hafjell\/wp-content\/IMG_3585-768x576.jpg 768w, http:\/\/annehodal.dk\/hafjell\/wp-content\/IMG_3585-1024x768.jpg 1024w\" sizes=\"auto, (max-width: 295px) 100vw, 295px\" \/><\/p>\n","protected":false},"excerpt":{"rendered":"<p>Vi vil gerne lave nogle hyggelige ting i l\u00f8bet af ugen, hvor alle har mulighed for at deltage og m\u00f8de hinanden. Programmet kan skifte lidt \u00e5r for \u00e5r, og har tidligere b\u00e5de indeholdt langrendsture, bingo, fastelavns t\u00f8ndeslagning, afterski med p\u00f8lser og varm kakao, k\u00e6lkekonkurrencer, f\u00e6llesdans mm. Hvis du har id\u00e9er [&hellip;]<\/p>\n","protected":false},"author":1,"featured_media":1060,"parent":582,"menu_order":0,"comment_status":"closed","ping_status":"closed","template":"","meta":{"_themeisle_gutenberg_block_has_review":false,"footnotes":""},"class_list":["post-1055","page","type-page","status-publish","has-post-thumbnail","hentry"],"_links":{"self":[{"href":"http:\/\/annehodal.dk\/hafjell\/wp-json\/wp\/v2\/pages\/1055","targetHints":{"allow":["GET"]}}],"collection":[{"href":"http:\/\/annehodal.dk\/hafjell\/wp-json\/wp\/v2\/pages"}],"about":[{"href":"http:\/\/annehodal.dk\/hafjell\/wp-json\/wp\/v2\/types\/page"}],"author":[{"embeddable":true,"href":"http:\/\/annehodal.dk\/hafjell\/wp-json\/wp\/v2\/users\/1"}],"replies":[{"embeddable":true,"href":"http:\/\/annehodal.dk\/hafjell\/wp-json\/wp\/v2\/comments?post=1055"}],"version-history":[{"count":10,"href":"http:\/\/annehodal.dk\/hafjell\/wp-json\/wp\/v2\/pages\/1055\/revisions"}],"predecessor-version":[{"id":1822,"href":"http:\/\/annehodal.dk\/hafjell\/wp-json\/wp\/v2\/pages\/1055\/revisions\/1822"}],"up":[{"embeddable":true,"href":"http:\/\/annehodal.dk\/hafjell\/wp-json\/wp\/v2\/pages\/582"}],"wp:featuredmedia":[{"embeddable":true,"href":"http:\/\/annehodal.dk\/hafjell\/wp-json\/wp\/v2\/media\/1060"}],"wp:attachment":[{"href":"http:\/\/annehodal.dk\/hafjell\/wp-json\/wp\/v2\/media?parent=1055"}],"curies":[{"name":"wp","href":"https:\/\/api.w.org\/{rel}","templated":true}]}}